{"id":226,"date":"2016-12-19T17:27:56","date_gmt":"2016-12-19T15:27:56","guid":{"rendered":"http:\/\/www.unfugtheater.de\/Maus\/?page_id=226"},"modified":"2016-12-19T17:27:56","modified_gmt":"2016-12-19T15:27:56","slug":"impressum","status":"publish","type":"page","link":"https:\/\/www.unfugtheater.de\/?page_id=226","title":{"rendered":"Impressum"},"content":{"rendered":"<p><span style=\"font-family: 'Trebuchet MS', Geneva, Arial, Helvetica, SunSans-Regular, sans-serif;\"><strong>Webseiteninhaber sind<\/strong><br \/>\nYvonne Hotz und Claudia Porpaczy<br \/>\nE-Mails:info@unfugtheater.de<br \/>\n<\/span><\/p>\n<p><span style=\"font-family: 'Trebuchet MS', Geneva, Arial, Helvetica, SunSans-Regular, sans-serif;\"><strong>Inhaltlich Verantwortlich gem\u00e4\u00df \u00a7 10 Absatz 3 MDStV<\/strong><\/p>\n<p><strong>Haftungshinweis:<\/strong><br \/>\nTrotz sorgf\u00e4ltiger inhaltlicher Kontrolle \u00fcbernehme ich keine Haftung f\u00fcr die Inhalte externer Links. F\u00fcr den Inhalt verlinkter Seiten sind ausschlie\u00dflich deren Betreiber verantwortlich<\/span><\/p>\n","protected":false},"excerpt":{"rendered":"<p>Webseiteninhaber sind Yvonne Hotz und Claudia Porpaczy E-Mails:info@unfugtheater.de Inhaltlich Verantwortlich gem\u00e4\u00df \u00a7 10 Absatz 3 MDStV Haftungshinweis: Trotz sorgf\u00e4ltiger inhaltlicher Kontrolle \u00fcbernehme ich keine Haftung f\u00fcr die Inhalte externer Links. F\u00fcr den Inhalt verlinkter Seiten sind ausschlie\u00dflich deren Betreiber verantwortlich<\/p>\n","protected":false},"author":1,"featured_media":0,"parent":0,"menu_order":0,"comment_status":"closed","ping_status":"closed","template":"","meta":{"footnotes":""},"class_list":["post-226","page","type-page","status-publish","hentry"],"_links":{"self":[{"href":"https:\/\/www.unfugtheater.de\/index.php?rest_route=\/wp\/v2\/pages\/226","targetHints":{"allow":["GET"]}}],"collection":[{"href":"https:\/\/www.unfugtheater.de\/index.php?rest_route=\/wp\/v2\/pages"}],"about":[{"href":"https:\/\/www.unfugtheater.de\/index.php?rest_route=\/wp\/v2\/types\/page"}],"author":[{"embeddable":true,"href":"https:\/\/www.unfugtheater.de\/index.php?rest_route=\/wp\/v2\/users\/1"}],"replies":[{"embeddable":true,"href":"https:\/\/www.unfugtheater.de\/index.php?rest_route=%2Fwp%2Fv2%2Fcomments&post=226"}],"version-history":[{"count":1,"href":"https:\/\/www.unfugtheater.de\/index.php?rest_route=\/wp\/v2\/pages\/226\/revisions"}],"predecessor-version":[{"id":227,"href":"https:\/\/www.unfugtheater.de\/index.php?rest_route=\/wp\/v2\/pages\/226\/revisions\/227"}],"wp:attachment":[{"href":"https:\/\/www.unfugtheater.de\/index.php?rest_route=%2Fwp%2Fv2%2Fmedia&parent=226"}],"curies":[{"name":"wp","href":"https:\/\/api.w.org\/{rel}","templated":true}]}}